site number?
True
Is 6153250497 a composite number?
True
Is 749588503 composite?
False
Is 38066689394 a composite number?
True
Is 11561019569 a prime number?
False
Is 893545729 prime?
False
Is 25647327217 a prime number?
False
Is 2771397169 a composite number?
True
Is 475435789 prime?
True
Is 17096454491 prime?
True
Is 153626003 prime?
False
Is 11545556881 prime?
False
Is 32985061 a prime number?
False
Is 36635983 a prime number?
False
Is 1341041041 prime?
True
Is 23172298763 composite?
False
Is 4414955219 composite?
False
Is 29290946717 a prime number?
True
Is 48303219617 prime?
True
Is 886483069 composite?
True
Is 2507588263 prime?
False
Is 3536110639 composite?
True
Is 12991012609 prime?
True
Is 6589433167 a prime number?
False
Is 82429655531 composite?
True
Is 135559 prime?
True
Is 24936559 a prime number?
True
Is 5680206193 a composite number?
False
Is 15191504693 a composite number?
False
Is 88274024369 prime?
True
Is 17616481 composite?
False
Is 470421389 a composite number?
False
Is 1554239483 composite?
False
Is 1117713137 composite?
False
Is 5313562273 a composite number?
True
Is 1360186427 a prime number?
False
Is 306353820497 a composite number?
False
Is 9527116961 prime?
True
Is 6122774015 composite?
True
Is 718966841 prime?
False
Is 830083585 a prime number?
False
Is 8441653057 a composite number?
True
Is 38856826297 a composite number?
True
Is 229268857 a composite number?
True
Is 5947508449 a composite number?
False
Is 271016899999 a composite number?
True
Is 153219889 composite?
False
Is 17839044319 prime?
True
Is 31848338035 prime?
False
Is 67429222043 a composite number?
True
Is 1690840339 a prime number?
True
Is 7112320273 a prime number?
True
Is 42682141 prime?
False
Is 135339400253 a composite number?
True
Is 21609672827 composite?
False
Is 11162993 composite?
False
Is 5437699819 composite?
False
Is 1376832059 a prime number?
True
Is 630677257 prime?
False
Is 28550059779 composite?
True
Is 5487212249 a prime number?
True
Is 2965657609 a composite number?
True
Is 3121723483 a prime number?
True
Is 1001722363 composite?
True
Is 935024983 prime?
True
Is 10290277279 prime?
False
Is 1500975463 prime?
False
Is 9296707531 a composite number?
False
Is 14236061029 a prime number?
True
Is 711999091 a composite number?
False
Is 25535892587 composite?
False
Is 655533361 a composite number?
True
Is 2876636683 composite?
False
Is 3422765809 a composite number?
False
Is 539000687 prime?
False
Is 38777179483 composite?
True
Is 20427488873 a composite number?
True
Is 20452175081 composite?
True
Is 6695780981 prime?
False
Is 6885930419 composite?
False
Is 11519911291 a prime number?
False
Is 1416609899 a prime number?
False
Is 443078533 a composite number?
False
Is 64298052439 prime?
False
Is 5386608651 composite?
True
Is 245232179 composite?
True
Is 251257703 prime?
False
Is 1053331793 prime?
True
Is 6345969677 prime?
False
Is 832144381 a composite number?
True
Is 7261648631 a composite number?
False
Is 289054079 a composite number?
False
Is 32267052041 composite?
True
Is 1570313657 a composite number?
True
Is 56136352315 a composite number?
True
Is 638365019 prime?
False
Is 37219724117 a prime number?
False
Is 1171508361 a composite number?
True
Is 405418109 composite?
False
Is 774834251 a prime number?
True
Is 5744875177 a prime number?
False
Is 10169001023 composite?
False
Is 303164161 prime?
True
Is 148534783 composite?
False
Is 12016088213 prime?
False
Is 2094812281 a prime number?
False
Is 5416997401 a prime number?
True
Is 59057505289 prime?
True
Is 4874048287 a prime number?
True
Is 3049013873 a composite number?
True
Is 229210894733 a prime number?
True
Is 6996283499 a composite number?
False
Is 4568613713 prime?
False
Is 112573781 prime?
False
Is 215233087 a prime number?
False
Is 6342331327 composite?
False
Is 40101925349 prime?
True
Is 945069959 composite?
True
Is 150543979 composite?
False
Is 82611797 a prime number?
True
Is 2357664719 a prime number?
True
Is 235266439 a prime number?
False
Is 896800603 a prime number?
False
Is 1075264829 composite?
False
Is 2104929209 prime?
True
Is 73720703843 a composite number?
True
Is 19042238353 a prime number?
False
Is 1604292761 a prime number?
False
Is 2182248947 prime?
False
Is 18547937467 composite?
True
Is 141040883 a prime number?
True
Is 176375867 composite?
True
Is 7548997415 a composite number?
True
Is 17739150901 a prime number?
True
Is 1589148089 prime?
True
Is 55099693069 a prime number?
True
Is 3282102491 prime?
True
Is 266029331 a prime number?
True
Is 2682770821 a composite number?
True
Is 42375381 composite?
True
Is 135480418033 a prime number?
True
Is 2361688157 composite?
False
Is 5362373501 a prime number?
True
Is 544203679 composite?
False
Is 545899021 composite?
False
Is 7988692991 a composite number?
False
Is 17303424819 prime?
False
Is 4485961847 a composite number?
False
Is 29774150213 a composite number?
False
Is 667568311 a prime number?
True
Is 848314541 prime?
True
Is 1456594487 a prime number?
True
Is 9103839397 a composite number?
False
Is 1669378159 a prime number?
False
Is 3076606109 a composite number?
True
Is 1097712349 composite?
False
Is 1027346269 composite?
True
Is 94662429937 a prime number?
False
Is 237626861 a prime number?
True
Is 39057471067 composite?
False
Is 6808476317 prime?
True
Is 210236207 composite?
False
Is 12315400187 a composite number?
True
Is 1827261339 a prime number?
False
Is 113103073 a prime number?
False
Is 7649387831 a prime number?
True
Is 82020060433 a prime number?
False
Is 31369622233 composite?
False
Is 7142728955 a prime number?
False
Is 41187333415 a composite number?
True
Is 43227103919 a composite number?
True
Is 7171733687 a composite number?
False
Is 12657450587 prime?
False
Is 10040968029 composite?
True
Is 2828065169 prime?
True
Is 10709134797 a composite number?
True
Is 10874334469 prime?
True
Is 5853879413 composite?
True
Is 3751088461 a prime number?
True
Is 26053003 composite?
False
Is 547875229 a composite number?
True
Is 144984607 a prime number?
True
Is 1826633359 a composite number?
False
Is 6879843479 prime?
False
Is 16344372899 composite?
False
Is 1453041829 prime?
False
Is 5815620071 prime?
True
Is 2158054901 a composite number?
True
Is 3195388115 a prime number?
False
Is 13475135753 composite?
False
Is 892703047 composite?
True
Is 643985781 prime?
False
Is 157875547 a prime number?
False
Is 9701554703 a composite number?
True
Is 3072305669 prime?
True
Is 45306294419 a prime number?
False
Is 23000975017 prime?
True
Is 1061427163 a composite number?
True
Is 15835900583 a prime number?
True
Is 258983591 prime?
False
Is 27530280853 a composite number?
False
Is 663075563 prime?
True
Is 5200235947 a prime number?
True
Is 5226730609 prime?
True
Is 17901389489 a prime number?
True
Is 644810641 a composite number?
False
Is 46144026233 prime?
True
Is 37092127 composite?
False
Is 62922573487 composite?
True
Is 24846169 a prime number?
True
Is 978569 a composite number?
False
Is 5320863283 a composite number?
False
Is 1988663573 a composite number?
True
Is 55911354643 a prime number?
True
Is 1518821807 a prime number?
True
Is 3810277277 a prime number?
True
Is 1486247533 a composite number?
True
Is 1189263319 a prime number?
False
Is 17783651 a prime number?
True
Is 2528717261 a composite number?
True
Is 12629448253 a composite number?
False
Is 8339851181 a composite number?
False
Is 79887820079 composite?
False
Is 523089533 prime?
True
Is 117506497 prime?
False
Is 359846653 prime?
True
Is 4690382611 a composite number?
False
Is 79461511057 a prime number?
True
Is 9084105449 a composite number?
False
Is 497912497 a prime number?
True
Is 24834617 a composite number?
True
Is 30066554273 prime?
False
Is 4944612815 prime?
False
Is 123519675359 a composite number?
False
Is 203553256766 a prime number?
False
Is 226510274 a prime number?
False
Is 53404783 composite?
True
Is 6283802131 a composite number?
False
Is 1519280493 a prime number?
False
Is 874671353 a composite number?
True
Is 53180459 composite?
True
Is 5419321703 composite?
True
Is 2431556857 a composite number?
True
Is 15049567867 composite?
True
Is 3277555067 a prime number?
True
Is 16894357 a composite number?
False
Is 8335943423 composite?
True
Is 3